[INFO] fetching crate hwloc2 2.2.0...
[INFO] checking hwloc2-2.2.0 against try#72f88fc4e9458f89516a0b8b0868f3718aec5b47 for pr-74989
[INFO] extracting crate hwloc2 2.2.0 into /workspace/builds/worker-9/source
[INFO] validating manifest of crates.io crate hwloc2 2.2.0 on toolchain 72f88fc4e9458f89516a0b8b0868f3718aec5b47
[INFO] running `Command { std: "/workspace/cargo-home/bin/cargo" "+72f88fc4e9458f89516a0b8b0868f3718aec5b47" "read-manifest" "--manifest-path" "Cargo.toml", kill_on_drop: false }`
[INFO] started tweaking crates.io crate hwloc2 2.2.0
[INFO] finished tweaking crates.io crate hwloc2 2.2.0
[INFO] tweaked toml for crates.io crate hwloc2 2.2.0 written to /workspace/builds/worker-9/source/Cargo.toml
[INFO] crate crates.io crate hwloc2 2.2.0 already has a lockfile, it will not be regenerated
[INFO] running `Command { std: "/workspace/cargo-home/bin/cargo" "+72f88fc4e9458f89516a0b8b0868f3718aec5b47" "fetch" "--locked" "--manifest-path" "Cargo.toml", kill_on_drop: false }`
[INFO] [stderr]  Downloading crates ...
[INFO] [stderr]   Downloaded errno v0.2.5
[INFO] running `Command { std: "docker" "create" "-v" "/var/lib/crater-agent-workspace/builds/worker-9/target:/opt/rustwide/target:rw,Z" "-v" "/var/lib/crater-agent-workspace/builds/worker-9/source:/opt/rustwide/workdir:ro,Z" "-v" "/var/lib/crater-agent-workspace/cargo-home:/opt/rustwide/cargo-home:ro,Z" "-v" "/var/lib/crater-agent-workspace/rustup-home:/opt/rustwide/rustup-home:ro,Z" "-e" "SOURCE_DIR=/opt/rustwide/workdir" "-e" "CARGO_TARGET_DIR=/opt/rustwide/target" "-e" "CARGO_HOME=/opt/rustwide/cargo-home" "-e" "RUSTUP_HOME=/opt/rustwide/rustup-home" "-w" "/opt/rustwide/workdir" "-m" "1610612736" "--user" "0:0" "--network" "none" "rustops/crates-build-env@sha256:d92eaeed33fa75130ca1ee6c8a01d1ffb62bac859dfdfb3450e3e5d1c0146529" "/opt/rustwide/cargo-home/bin/cargo" "+72f88fc4e9458f89516a0b8b0868f3718aec5b47" "metadata" "--no-deps" "--format-version=1", kill_on_drop: false }`
[INFO] [stderr] WARNING: Your kernel does not support swap limit capabilities or the cgroup is not mounted. Memory limited without swap.
[INFO] [stdout] 57f34470601d8b9744532ae24e4e03912ba0e33002ad1e7ca0421b8a20adb165
[INFO] running `Command { std: "docker" "start" "-a" "57f34470601d8b9744532ae24e4e03912ba0e33002ad1e7ca0421b8a20adb165", kill_on_drop: false }`
[INFO] running `Command { std: "docker" "inspect" "57f34470601d8b9744532ae24e4e03912ba0e33002ad1e7ca0421b8a20adb165", kill_on_drop: false }`
[INFO] running `Command { std: "docker" "rm" "-f" "57f34470601d8b9744532ae24e4e03912ba0e33002ad1e7ca0421b8a20adb165", kill_on_drop: false }`
[INFO] [stdout] 57f34470601d8b9744532ae24e4e03912ba0e33002ad1e7ca0421b8a20adb165
[INFO] running `Command { std: "docker" "create" "-v" "/var/lib/crater-agent-workspace/builds/worker-9/target:/opt/rustwide/target:rw,Z" "-v" "/var/lib/crater-agent-workspace/builds/worker-9/source:/opt/rustwide/workdir:ro,Z" "-v" "/var/lib/crater-agent-workspace/cargo-home:/opt/rustwide/cargo-home:ro,Z" "-v" "/var/lib/crater-agent-workspace/rustup-home:/opt/rustwide/rustup-home:ro,Z" "-e" "SOURCE_DIR=/opt/rustwide/workdir" "-e" "CARGO_TARGET_DIR=/opt/rustwide/target" "-e" "CARGO_INCREMENTAL=0" "-e" "RUST_BACKTRACE=full" "-e" "RUSTFLAGS=--cap-lints=forbid" "-e" "CARGO_HOME=/opt/rustwide/cargo-home" "-e" "RUSTUP_HOME=/opt/rustwide/rustup-home" "-w" "/opt/rustwide/workdir" "-m" "1610612736" "--user" "0:0" "--network" "none" "rustops/crates-build-env@sha256:d92eaeed33fa75130ca1ee6c8a01d1ffb62bac859dfdfb3450e3e5d1c0146529" "/opt/rustwide/cargo-home/bin/cargo" "+72f88fc4e9458f89516a0b8b0868f3718aec5b47" "check" "--frozen" "--all" "--all-targets" "--message-format=json", kill_on_drop: false }`
[INFO] [stderr] WARNING: Your kernel does not support swap limit capabilities or the cgroup is not mounted. Memory limited without swap.
[INFO] [stdout] 9ab9edf7bda6cc91b79fce64c1f4e26dd2d4203aff19b0f88ce96e1907786301
[INFO] running `Command { std: "docker" "start" "-a" "9ab9edf7bda6cc91b79fce64c1f4e26dd2d4203aff19b0f88ce96e1907786301", kill_on_drop: false }`
[INFO] [stderr]    Compiling autocfg v1.0.0
[INFO] [stderr]    Compiling libc v0.2.70
[INFO] [stderr]    Compiling bitflags v1.2.1
[INFO] [stderr]    Compiling hwloc2 v2.2.0 (/opt/rustwide/workdir)
[INFO] [stderr]    Compiling num-traits v0.2.11
[INFO] [stderr]    Compiling num-integer v0.1.42
[INFO] [stderr]    Compiling num-iter v0.1.40
[INFO] [stderr]     Checking errno v0.2.5
[INFO] [stderr]     Checking num v0.1.42
[INFO] [stdout] error[E0463]: can't find crate for `hwloc`
[INFO] [stdout]  --> examples/walk_tree.rs:1:1
[INFO] [stdout]   |
[INFO] [stdout] 1 | extern crate hwloc;
[INFO] [stdout]   | ^^^^^^^^^^^^^^^^^^^ can't find crate
[INFO] [stdout] 
[INFO] [stdout] 
[INFO] [stdout] error[E0463]: can't find crate for `hwloc`
[INFO] [stdout]  --> examples/bind_process.rs:1:1
[INFO] [stdout]   |
[INFO] [stdout] 1 | extern crate hwloc;
[INFO] [stdout]   | ^^^^^^^^^^^^^^^^^^^ can't find crate
[INFO] [stdout] 
[INFO] [stdout] 
[INFO] [stdout] error: aborting due to previous error
[INFO] [stdout] 
[INFO] [stdout] 
[INFO] [stdout] For more information about this error, try `rustc --explain E0463`.
[INFO] [stdout] 
[INFO] [stdout] error: aborting due to previous error
[INFO] [stdout] 
[INFO] [stdout] 
[INFO] [stdout] For more information about this error, try `rustc --explain E0463`.
[INFO] [stdout] 
[INFO] [stdout] error[E0463]: can't find crate for `hwloc`
[INFO] [stdout]  --> examples/walk_linear.rs:1:1
[INFO] [stdout]   |
[INFO] [stdout] 1 | extern crate hwloc;
[INFO] [stdout]   | ^^^^^^^^^^^^^^^^^^^ can't find crate
[INFO] [stdout] 
[INFO] [stdout] 
[INFO] [stdout] error: aborting due to previous error
[INFO] [stdout] 
[INFO] [stdout] 
[INFO] [stdout] For more information about this error, try `rustc --explain E0463`.
[INFO] [stdout] 
[INFO] [stderr] error: could not compile `hwloc2`.
[INFO] [stderr] 
[INFO] [stderr] To learn more, run the command again with --verbose.
[INFO] [stderr] warning: build failed, waiting for other jobs to finish...
[INFO] [stdout] error[E0463]: can't find crate for `hwloc`
[INFO] [stdout]  --> examples/support.rs:1:1
[INFO] [stdout]   |
[INFO] [stdout] 1 | extern crate hwloc;
[INFO] [stdout]   | ^^^^^^^^^^^^^^^^^^^ can't find crate
[INFO] [stdout] 
[INFO] [stdout] 
[INFO] [stdout] error: aborting due to previous error
[INFO] [stdout] 
[INFO] [stdout] 
[INFO] [stdout] For more information about this error, try `rustc --explain E0463`.
[INFO] [stdout] 
[INFO] [stdout] error[E0463]: can't find crate for `hwloc`
[INFO] [stdout]  --> examples/processor_cache.rs:1:1
[INFO] [stdout]   |
[INFO] [stdout] 1 | extern crate hwloc;
[INFO] [stdout]   | ^^^^^^^^^^^^^^^^^^^ can't find crate
[INFO] [stdout] 
[INFO] [stdout] 
[INFO] [stdout] error: aborting due to previous error
[INFO] [stdout] 
[INFO] [stdout] 
[INFO] [stdout] For more information about this error, try `rustc --explain E0463`.
[INFO] [stdout] 
[INFO] [stdout] error[E0463]: can't find crate for `hwloc`
[INFO] [stdout]  --> examples/bind_threads.rs:1:1
[INFO] [stdout]   |
[INFO] [stdout] 1 | extern crate hwloc;
[INFO] [stdout]   | ^^^^^^^^^^^^^^^^^^^ can't find crate
[INFO] [stdout] 
[INFO] [stdout] 
[INFO] [stdout] error: aborting due to previous error
[INFO] [stdout] 
[INFO] [stdout] 
[INFO] [stdout] For more information about this error, try `rustc --explain E0463`.
[INFO] [stdout] 
[INFO] [stdout] error[E0463]: can't find crate for `hwloc`
[INFO] [stdout]  --> examples/bind_to_last_core.rs:1:1
[INFO] [stdout]   |
[INFO] [stdout] 1 | extern crate hwloc;
[INFO] [stdout]   | ^^^^^^^^^^^^^^^^^^^ can't find crate
[INFO] [stdout] 
[INFO] [stdout] 
[INFO] [stdout] error: aborting due to previous error
[INFO] [stdout] 
[INFO] [stdout] 
[INFO] [stdout] For more information about this error, try `rustc --explain E0463`.
[INFO] [stdout] 
[INFO] [stdout] error[E0463]: can't find crate for `hwloc`
[INFO] [stdout]  --> examples/number_of_packages.rs:1:1
[INFO] [stdout]   |
[INFO] [stdout] 1 | extern crate hwloc;
[INFO] [stdout]   | ^^^^^^^^^^^^^^^^^^^ can't find crate
[INFO] [stdout] 
[INFO] [stdout] 
[INFO] [stdout] error: aborting due to previous error
[INFO] [stdout] 
[INFO] [stdout] 
[INFO] [stdout] For more information about this error, try `rustc --explain E0463`.
[INFO] [stdout] 
[INFO] [stderr] error: build failed
[INFO] running `Command { std: "docker" "inspect" "9ab9edf7bda6cc91b79fce64c1f4e26dd2d4203aff19b0f88ce96e1907786301", kill_on_drop: false }`
[INFO] running `Command { std: "docker" "rm" "-f" "9ab9edf7bda6cc91b79fce64c1f4e26dd2d4203aff19b0f88ce96e1907786301", kill_on_drop: false }`
[INFO] [stdout] 9ab9edf7bda6cc91b79fce64c1f4e26dd2d4203aff19b0f88ce96e1907786301
